oes 43 divide 731?
True
Is 1589 a multiple of 64?
False
Is 9 a multiple of 9?
True
Is 462 a multiple of 21?
True
Is 147 a factor of 11466?
True
Is 36367 a multiple of 39?
False
Is 308 a factor of 83110?
False
Does 80 divide 72800?
True
Is 700 a multiple of 7?
True
Does 134 divide 9400?
False
Does 94 divide 11197?
False
Is 11 a factor of 7953?
True
Is 98 a factor of 34790?
True
Does 2 divide 866?
True
Is 22365 a multiple of 45?
True
Does 41 divide 18482?
False
Does 27 divide 3375?
True
Is 3780 a multiple of 18?
True
Is 24623 a multiple of 12?
False
Is 1641 a multiple of 5?
False
Does 8 divide 20440?
True
Is 81720 a multiple of 59?
False
Is 87 a factor of 4350?
True
Does 23 divide 7153?
True
Is 17 a factor of 2455?
False
Is 76 even?
True
Does 117 divide 936?
True
Is 13168 a multiple of 16?
True
Does 29 divide 11255?
False
Does 17 divide 540?
False
Does 23 divide 17296?
True
Does 244 divide 23912?
True
Does 15 divide 695?
False
Does 6 divide 44?
False
Is 564 a multiple of 19?
False
Is 6 a factor of 45?
False
Is 7824 a multiple of 6?
True
Does 113 divide 19510?
False
Is 4453 a multiple of 29?
False
Is 3456 a multiple of 63?
False
Is 48 a multiple of 24?
True
Does 55 divide 182?
False
Does 143 divide 5743?
False
Is 104 a factor of 3328?
True
Is 13441 a multiple of 13?
False
Does 14 divide 115234?
True
Is 11868 a multiple of 46?
True
Is 164 a factor of 29132?
False
Does 146 divide 438?
True
Does 19 divide 1291?
False
Is 207 a multiple of 23?
True
Is 57 a factor of 1509?
False
Is 690 a multiple of 5?
True
Is 17918 a multiple of 62?
True
Is 12 a factor of 322?
False
Does 16 divide 14621?
False
Is 632 a multiple of 9?
False
Is 10965 a multiple of 15?
True
Does 83 divide 598?
False
Does 167 divide 21110?
False
Does 17 divide 1887?
True
Is 15 a factor of 720?
True
Does 48 divide 2647?
False
Is 13 a factor of 3042?
True
Is 8415 a multiple of 85?
True
Is 1083 a multiple of 26?
False
Does 7 divide 1752?
False
Does 11 divide 24255?
True
Is 756 a multiple of 14?
True
Is 12 a factor of 1272?
True
Is 774 a multiple of 18?
True
Does 24 divide 5774?
False
Is 41 a factor of 8374?
False
Is 94 a factor of 23312?
True
Is 2333 a multiple of 28?
False
Is 355 a multiple of 5?
True
Is 97 a multiple of 2?
False
Does 29 divide 43355?
True
Is 175 a factor of 25025?
True
Does 34 divide 1462?
True
Is 127 a factor of 126338?
False
Is 2 a factor of 2353?
False
Is 3 a factor of 1036?
False
Is 19 a factor of 1771?
False
Does 12 divide 1224?
True
Does 34 divide 714?
True
Is 7 a factor of 2014?
False
Does 131 divide 14038?
False
Is 1080 a multiple of 30?
True
Is 924 a multiple of 22?
True
Is 1883 a multiple of 20?
False
Is 24 a factor of 545?
False
Is 44630 a multiple of 58?
False
Is 1815 a multiple of 11?
True
Is 2615 a multiple of 47?
False
Does 24 divide 2207?
False
Is 9 a factor of 1143?
True
Does 65 divide 59414?
False
Does 3 divide 51?
True
Does 9 divide 119?
False
Does 19 divide 44156?
True
Is 50 a factor of 4023?
False
Does 14 divide 2044?
True
Does 45 divide 870?
False
Is 31 a factor of 1722?
False
Does 56 divide 784?
True
Does 45 divide 15028?
False
Is 33 a factor of 8625?
False
Is 4 a factor of 19545?
False
Is 8829 a multiple of 81?
True
Is 16 a factor of 1024?
True
Is 2 a factor of 8019?
False
Is 3196 a multiple of 13?
False
Is 12285 a multiple of 11?
False
Does 11 divide 876?
False
Is 85 a factor of 1943?
False
Is 45 a factor of 20879?
False
Does 66 divide 1320?
True
Is 113 a multiple of 4?
False
Does 8 divide 224?
True
Does 41 divide 17681?
False
Is 3073 a multiple of 6?
False
Is 10556 a multiple of 14?
True
Is 20 a factor of 11300?
True
Is 17298 a multiple of 3?
True
Does 15 divide 4590?
True
Does 48 divide 1885?
False
Is 304 a multiple of 16?
True
Does 239 divide 52493?
False
Is 41 a factor of 2337?
True
Is 19 a factor of 128332?
False
Is 229 a multiple of 53?
False
Is 3124 a multiple of 22?
True
Is 51 a factor of 6579?
True
Is 27550 a multiple of 5?
True
Does 30 divide 1303?
False
Is 239 a factor of 123464?
False
Does 10 divide 61110?
True
Is 504 a multiple of 4?
True
Is 48 a factor of 21456?
True
Does 30 divide 30?
True
Is 1085 a multiple of 7?
True
Is 11 a factor of 23857?
False
Is 13 a factor of 195?
True
Is 15 a factor of 7864?
False
Is 11 a factor of 3579?
False
Is 4 a factor of 20?
True
Is 7 a factor of 5971?
True
Is 406 a factor of 41380?
False
Is 2661 a multiple of 9?
False
Is 10605 a multiple of 15?
True
Does 20 divide 16027?
False
Does 49 divide 4334?
False
Does 7 divide 386?
False
Is 24 a factor of 348?
False
Is 91 a factor of 21904?
False
Is 9392 a multiple of 14?
False
Is 7525 a multiple of 43?
True
Is 8 a factor of 9153?
False
Does 32 divide 480?
True
Is 68 a factor of 6800?
True
Does 146 divide 34164?
True
Is 18 a factor of 7778?
False
Is 50 a multiple of 10?
True
Is 902 a multiple of 22?
True
Does 10 divide 5260?
True
Is 19 a factor of 285?
True
Does 69 divide 1917?
False
Is 4000 a multiple of 74?
False
Does 11 divide 429?
True
Is 93 a factor of 2546?
False
Is 8 a factor of 2559?
False
Is 1032 a multiple of 8?
True
Is 9367 a multiple of 23?
False
Does 39 divide 741?
True
Does 11 divide 6452?
False
Is 1463 a multiple of 77?
True
Is 31 a factor of 383?
False
Is 6 a factor of 1230?
True
Does 61 divide 14841?
False
Does 8 divide 853?
False
Does 191 divide 19482?
True
Is 26 a factor of 5096?
True
Does 15 divide 870?
True
Is 7373 a multiple of 87?
False
Is 77364 a multiple of 26?
False
Is 13 a factor of 34100?
False
Is 32 a factor of 6543?
False
Is 3 a factor of 1302?
True
Is 6 a factor of 510?
True
Does 17 divide 3690?
False
Is 38 a factor of 13414?
True
Is 3122 a multiple of 17?
False
Is 10 a factor of 3780?
True
Is 13572 a multiple of 78?
True
Is 13889 a multiple of 28?
False
Does 66 divide 2112?
True
Does 18 divide 936?
True
Does 19 divide 589?
True
Is 3132 a multiple of 9?
True
Is 304 a multiple of 4?
True
Is 19 a factor of 290?
False
Is 87 a factor of 40281?
True
Is 39 a factor of 39?
True
Does 24 divide 3240?
True
Is 124 a factor of 42669?
False
Does 2 divide 769?
False
Is 26 a factor of 336?
False
Does 7 divide 539?
True
Is 28 a factor of 370?
False
Is 18161 a multiple of 11?
True
Does 16 divide 13014?
False
Does 314 divide 28574?
True
Does 8 divide 532?
False
Does 4 divide 4896?
True
Is 43 a factor of 19840?
False
Does 12 divide 40380?
True
Is 3276 a multiple of 6?
True
Is 14 a factor of 11550?
True
Is 896 a multiple of 13?
False
Is 20 a multiple of 6?
False
Is 11 a factor of 396?
True
Does 8 divide 81?
False
Is 133 a factor of 8312?
False
Does 5 divide 160?
True
Is 31 a factor of 341?
True
Is 57 a factor of 26250?
False
Does 178 divide 22311?
False
Is 35 a factor of 37205?
True
Is 144 a multiple of 12?
True
Is 9 a factor of 43992?
True
Does 9 divide 20997?
True
Is 14 a factor of 1127?
False
Is 591 a multiple of 5?
False
Does 4 divide 562?
False
Does 135 divide 11340?
True
Is 8970 a multiple of 138?
True
Is 7 a factor of 1834?
True
Does 10 divide 350?
True
Is 25 a factor of 1325?
True
Does 9 divide 10?
False
Is 9 a factor of 234?
True
Is 640 a multiple of 40?
True
Is 19 a factor of 17404?
True
Is 34053 a multiple of 59?
False
Does 51 divide 16728?
True
Is 131 a multiple of 9?
False
Is 30972 a multiple of 89?
True
Is 18 a factor of 1566?
True
Is 594 a multiple of 54?
True
Does 3 divide 6148?
False
Is 5 a factor of 743?
False
Does 10 divide 810?
True
Is 24 a factor of 1433?
False
Is 59 a factor of 177?
True
Is 4095 a multiple of 56?
False
Does 12 divide 7748?
False
Is 15 a factor of 1755?
True
Does 10 divide 60503?
False
Is 113 a factor of 82151?
True
Does 5 divide 212?
False
Is 133 a factor of 532?
True
Is 225 a factor of 33975?
True
Is 2831 a multiple of 12?
False
Is 69 a factor of 1065?
False
Is 5639 a multiple of 6?
False
Does 108 divide 152820?
True
Is 77 even?
False
Is 65 a multiple of 41?
False
Is 2385 a multiple of 14?
False
Does 27 divide 8775?
True
Does 11 divide 8107?
True
Is 467 a multiple of 4?
False
Is 183 even?
False
Is 10179 a multiple of 26?
False
Is 867 a multiple of 21?
False
Does 9 divide 234?
True
Is 3075 a multiple of 15?
True
Does 10 divide 170?
True
Is 2808 a multiple of 26?
True
Is 16 a factor of 511?
False
Is 8048 a multiple of 66?
False
Is 11 a factor of 992?
False
Does 17 divide 1462?
True
Is 7 a factor of 198?
Fals